{"id":988,"date":"2013-08-14T15:50:22","date_gmt":"2013-08-14T13:50:22","guid":{"rendered":"https:\/\/sonnenscheinapotheke.de\/wpSonA2023\/?page_id=988"},"modified":"2023-09-08T12:01:04","modified_gmt":"2023-09-08T10:01:04","slug":"kosmetik-fuss-und-handpflege","status":"publish","type":"page","link":"https:\/\/sonnenscheinapotheke.de\/wpSonA2023\/start\/kosmetik-fuss-und-handpflege\/","title":{"rendered":"Taufrisch Kosmetikinstitut"},"content":{"rendered":"<p><img loading=\"lazy\" decoding=\"async\" src=\"https:\/\/regenbogenapotheke.de\/wp-content\/uploads\/2023\/02\/Kosmetikerinnen_M_K-II-785x340px.jpg\" alt=\"Kosmetikerinnen\" width=\"785\" height=\"340\" class=\"alignnone size-full wp-image-623993\" \/><\/p>\n<p><a href=\"https:\/\/www.taufrischkosmetik.de\/\"><img loading=\"lazy\" decoding=\"async\" class=\"alignleft size-full wp-image-1485\" alt=\"Taufrisch Kosmetikinstitut\" src=\"https:\/\/sonnenscheinapotheke.de\/wpSonA2023\/wp-content\/uploads\/2013\/08\/Taufrisch-Logo200x200px.png\" width=\"200\" height=\"200\" srcset=\"https:\/\/sonnenscheinapotheke.de\/wpSonA2023\/wp-content\/uploads\/2013\/08\/Taufrisch-Logo200x200px.png 200w, https:\/\/sonnenscheinapotheke.de\/wpSonA2023\/wp-content\/uploads\/2013\/08\/Taufrisch-Logo200x200px-80x80.png 80w\" sizes=\"(max-width: 200px) 100vw, 200px\" \/><\/a>Apotheker Dr. rer. nat. Thomas Klose e.Kfm.<\/p>\n<p>Bahnhofstra\u00dfe 37<br \/>\n56068 Koblenz<\/p>\n<p>Ihr vertrauensvoller Partner im Bereich Wellness, Kosmetik und Fusspflege in Koblenz und Umgebung. <\/p>\n<p><strong>Ein Bonussystem f\u00fcr alle Drei:<\/strong> Taufrisch Kosmetikinstitut,<br \/>\nRegenbogen Apotheke und Sonnenschein Apotheke.<\/p>\n<p style=\"clear: left;\"><strong>Termine nach Vereinbarung<\/strong><\/p>\n<p><span class=\"wochenTage\">Telefon:<\/span> 0261 \/ 3 85 54<br \/>\n<span class=\"wochenTage\">Telefax:<\/span> 0261 \/ 1 44 88<br \/>\n<span class=\"wochenTage\">E-Mail: <\/span><a href=\"mailto:info@taufrischkosmetik.de\">info@taufrischkosmetik.de<\/a><br \/>\n<span class=\"wochenTage\">Web: <\/span><a title=\"Zur Regenbogen-Apotheke\" href=\"https:\/\/www.taufrischkosmetik.de\/\">www.taufrischkosmetik.de<\/a><\/p>\n<p><strong>Warum eine Apotheke mit eigenem Kosmetikinstitut?<\/strong><\/p>\n<p>Weil wir uns gemeinsamen Zielen verpflichtet f\u00fchlen:<br \/>\nIhrer Gesundheit und Ihrem Wohlbefinden. Hinzu kommt, dass Apothekenkosmetik schon immer einer unserer Schwerpunkte gewesen ist. Fachliche Kompetenz und individuelle Beratung konnten wir Ihnen bislang bieten. Nun nehmen wir auch die Anwendung buchst\u00e4blich in die Hand.<\/p>\n<p>Daf\u00fcr wurden Mitarbeiterinnen mit pharmazeutischen Hintergrund zu Kosmetikerinnen und Visagistinnen ausgebildet; doppel-qualifizierte Fachkr\u00e4fte, denen Sie Ihre Haut mit gutem Gef\u00fchl anvertrauen k\u00f6nnen.<\/p>\n<p>Und Sie werden sich wohlf\u00fchlen. Wohlf\u00fchlen in dem klar und frisch gestalteten Behandlungsbereich, durchweht von einem Hauch reiner D\u00fcfte, leise Musik \u2013 eine Auszeit f\u00fcr Haut und Seele.<\/p>\n<p>F\u00fcr die Behandlung haben wir mit gro\u00dfer Sorgfalt hochwertige Produktlinien ausgew\u00e4hlt, die hochwirksame Inhaltstoffe mit einem klar strukturierten Pflegekonzept verbinden und nicht durch Wirkversprechen, sondern durch Ergebnisse \u00fcberzeugen: nachhaltig und messbar.<\/p>\n<p>Gerne erstellen wir das f\u00fcr Sie optimale Pflegeprogramm.<br \/>\nLassen Sie sich beraten!<\/p>\n<p>Ihr Apotheker Dr. rer. nat. Thomas Klose +<br \/>\nMitarbeiterinnen<\/p>\n<p>Gern k\u00f6nnen Sie hier den <a href=\"https:\/\/taufrischkosmetik.de\/wp-content\/uploads\/2023\/02\/2023-02-16-Taufrisch-Flyer.pdf\" target=\"_blank\" rel=\"noopener\">Flyer des TAUFRISCH Kosmetikinstituts<\/a> in der Regenbogen Apotheke als PDF herunterladen (ca. 420 KB) \u2013 oder besuchen Sie die <a title=\"TAUFRISCH Kosmetikinstitut\" href=\"https:\/\/taufrischkosmetik.de\/\" target=\"_blank\" rel=\"noopener\">Website des TAUFRISCH Kosmetikinstituts<\/a>.<\/p>\n<p><img loading=\"lazy\" decoding=\"async\" src=\"https:\/\/regenbogenapotheke.de\/wp-content\/uploads\/2023\/02\/Kosmetikbehandlung-785x340px.jpg\" alt=\"G\u00f6nnen Sie sich eine Auszeit im Taufrisch-Kosmetikinstitut\" width=\"785\" height=\"340\" class=\"alignnone size-full wp-image-623992\" \/><\/p>\n","protected":false},"excerpt":{"rendered":"<p>Ihr vertrauensvoller Partner im Bereich Wellness, Kosmetik und Fusspflege in Koblenz und Umgebung.<\/p>\n","protected":false},"author":1,"featured_media":1957,"parent":73,"menu_order":2,"comment_status":"closed","ping_status":"open","template":"","meta":{"footnotes":""},"_links":{"self":[{"href":"https:\/\/sonnenscheinapotheke.de\/wpSonA2023\/wp-json\/wp\/v2\/pages\/988"}],"collection":[{"href":"https:\/\/sonnenscheinapotheke.de\/wpSonA2023\/wp-json\/wp\/v2\/pages"}],"about":[{"href":"https:\/\/sonnenscheinapotheke.de\/wpSonA2023\/wp-json\/wp\/v2\/types\/page"}],"author":[{"embeddable":true,"href":"https:\/\/sonnenscheinapotheke.de\/wpSonA2023\/wp-json\/wp\/v2\/users\/1"}],"replies":[{"embeddable":true,"href":"https:\/\/sonnenscheinapotheke.de\/wpSonA2023\/wp-json\/wp\/v2\/comments?post=988"}],"version-history":[{"count":4,"href":"https:\/\/sonnenscheinapotheke.de\/wpSonA2023\/wp-json\/wp\/v2\/pages\/988\/revisions"}],"predecessor-version":[{"id":3796,"href":"https:\/\/sonnenscheinapotheke.de\/wpSonA2023\/wp-json\/wp\/v2\/pages\/988\/revisions\/3796"}],"up":[{"embeddable":true,"href":"https:\/\/sonnenscheinapotheke.de\/wpSonA2023\/wp-json\/wp\/v2\/pages\/73"}],"wp:featuredmedia":[{"embeddable":true,"href":"https:\/\/sonnenscheinapotheke.de\/wpSonA2023\/wp-json\/wp\/v2\/media\/1957"}],"wp:attachment":[{"href":"https:\/\/sonnenscheinapotheke.de\/wpSonA2023\/wp-json\/wp\/v2\/media?parent=988"}],"curies":[{"name":"wp","href":"https:\/\/api.w.org\/{rel}","templated":true}]}}